{"id":45425,"date":"2024-07-07T00:22:08","date_gmt":"2024-07-07T00:22:08","guid":{"rendered":"https:\/\/aguahueyusca.cl\/?post_type=product&#038;p=45425"},"modified":"2024-07-09T02:49:30","modified_gmt":"2024-07-09T02:49:30","slug":"revolvedores-de-madera-para-cafe-y-te","status":"publish","type":"product","link":"https:\/\/aguahueyusca.cl\/index.php\/product\/revolvedores-de-madera-para-cafe-y-te\/","title":{"rendered":"PACK REVOLVEDORES DE MADERA"},"content":{"rendered":"","protected":false},"excerpt":{"rendered":"<p>Pr\u00e1cticos agitadores para bebidas como caf\u00e9 y t\u00e9. Desechables, ecol\u00f3gicos.<\/p>\n<p>Tama\u00f1o: 14 cm<\/p>\n<p>Material: Madera<\/p>\n<p>Dise\u00f1o: Liso<\/p>\n<p>Unidades por pack: 100<\/p>\n<p>Formato de Venta: Pack<\/p>\n<p>&nbsp;<\/p>\n<p>&nbsp;<\/p>\n","protected":false},"featured_media":45429,"comment_status":"open","ping_status":"closed","template":"","meta":{"_joinchat":[]},"product_cat":[181],"product_tag":[183,182,179,178],"class_list":{"0":"post-45425","1":"product","2":"type-product","3":"status-publish","4":"has-post-thumbnail","6":"product_cat-revolvedor","7":"product_tag-dispensadores","8":"product_tag-porta-vasos","9":"product_tag-revolvedor","10":"product_tag-vasos","12":"first","13":"instock","14":"shipping-taxable","15":"purchasable","16":"product-type-simple"},"_links":{"self":[{"href":"https:\/\/aguahueyusca.cl\/index.php\/wp-json\/wp\/v2\/product\/45425","targetHints":{"allow":["GET"]}}],"collection":[{"href":"https:\/\/aguahueyusca.cl\/index.php\/wp-json\/wp\/v2\/product"}],"about":[{"href":"https:\/\/aguahueyusca.cl\/index.php\/wp-json\/wp\/v2\/types\/product"}],"replies":[{"embeddable":true,"href":"https:\/\/aguahueyusca.cl\/index.php\/wp-json\/wp\/v2\/comments?post=45425"}],"wp:featuredmedia":[{"embeddable":true,"href":"https:\/\/aguahueyusca.cl\/index.php\/wp-json\/wp\/v2\/media\/45429"}],"wp:attachment":[{"href":"https:\/\/aguahueyusca.cl\/index.php\/wp-json\/wp\/v2\/media?parent=45425"}],"wp:term":[{"taxonomy":"product_cat","embeddable":true,"href":"https:\/\/aguahueyusca.cl\/index.php\/wp-json\/wp\/v2\/product_cat?post=45425"},{"taxonomy":"product_tag","embeddable":true,"href":"https:\/\/aguahueyusca.cl\/index.php\/wp-json\/wp\/v2\/product_tag?post=45425"}],"curies":[{"name":"wp","href":"https:\/\/api.w.org\/{rel}","templated":true}]}}