{"id":44447,"date":"2024-03-03T03:21:16","date_gmt":"2024-03-03T03:21:16","guid":{"rendered":"https:\/\/aguahueyusca.cl\/?post_type=product&#038;p=44447"},"modified":"2024-04-10T23:05:05","modified_gmt":"2024-04-10T23:05:05","slug":"porta-vasos-magnetico","status":"publish","type":"product","link":"https:\/\/aguahueyusca.cl\/index.php\/product\/porta-vasos-magnetico\/","title":{"rendered":"PORTA VASOS MAGN\u00c9TICO"},"content":{"rendered":"","protected":false},"excerpt":{"rendered":"<p>Tiene capacidad para 50 vasos (25 de Plumavit), fabricado en pl\u00e1stico de alta calidad lo que asegura su duraci\u00f3n. Adem\u00e1s, es compatible con distintos tipos de dispensadores de agua, ya que se adhiere mediante magneto.<\/p>\n<p>-Dimensiones: 33,5&#215;9.0 cm.<\/p>\n<p>-Peso: 550 gr.<\/p>\n<p>-Color: Blanco.<\/p>\n<p>-Tipo:\u00a0 Manual.<\/p>\n<p>-Fijaci\u00f3n: Magn\u00e9tico.<\/p>\n","protected":false},"featured_media":44448,"comment_status":"open","ping_status":"closed","template":"","meta":{"_joinchat":[]},"product_cat":[169],"product_tag":[],"class_list":{"0":"post-44447","1":"product","2":"type-product","3":"status-publish","4":"has-post-thumbnail","6":"product_cat-porta-vasos","8":"first","9":"instock","10":"shipping-taxable","11":"purchasable","12":"product-type-simple"},"_links":{"self":[{"href":"https:\/\/aguahueyusca.cl\/index.php\/wp-json\/wp\/v2\/product\/44447","targetHints":{"allow":["GET"]}}],"collection":[{"href":"https:\/\/aguahueyusca.cl\/index.php\/wp-json\/wp\/v2\/product"}],"about":[{"href":"https:\/\/aguahueyusca.cl\/index.php\/wp-json\/wp\/v2\/types\/product"}],"replies":[{"embeddable":true,"href":"https:\/\/aguahueyusca.cl\/index.php\/wp-json\/wp\/v2\/comments?post=44447"}],"wp:featuredmedia":[{"embeddable":true,"href":"https:\/\/aguahueyusca.cl\/index.php\/wp-json\/wp\/v2\/media\/44448"}],"wp:attachment":[{"href":"https:\/\/aguahueyusca.cl\/index.php\/wp-json\/wp\/v2\/media?parent=44447"}],"wp:term":[{"taxonomy":"product_cat","embeddable":true,"href":"https:\/\/aguahueyusca.cl\/index.php\/wp-json\/wp\/v2\/product_cat?post=44447"},{"taxonomy":"product_tag","embeddable":true,"href":"https:\/\/aguahueyusca.cl\/index.php\/wp-json\/wp\/v2\/product_tag?post=44447"}],"curies":[{"name":"wp","href":"https:\/\/api.w.org\/{rel}","templated":true}]}}