{"id":44042,"date":"2023-09-04T17:54:46","date_gmt":"2023-09-04T17:54:46","guid":{"rendered":"https:\/\/aguahueyusca.cl\/?post_type=product&#038;p=44042"},"modified":"2024-08-24T03:13:24","modified_gmt":"2024-08-24T03:13:24","slug":"manilla-ergonomica-basica","status":"publish","type":"product","link":"https:\/\/aguahueyusca.cl\/index.php\/product\/manilla-ergonomica-basica\/","title":{"rendered":"MANILLA ERGON\u00d3MICA B\u00c1SICA"},"content":{"rendered":"","protected":false},"excerpt":{"rendered":"<p><span style=\"font-weight: 400;\">*PRECIO HOGAR<\/span><\/p>\n<p><span style=\"font-weight: 400;\">-Pl\u00e1stico R\u00edgido.<\/span><\/p>\n<p><span style=\"font-weight: 400;\">-Dise\u00f1ada para trasladar de manera m\u00e1s c\u00f3moda los botellones retornables con agua.<\/span><\/p>\n<p><span style=\"font-weight: 400;\">-Material: Polipropileno (PP).<\/span><\/p>\n<p><span style=\"font-weight: 400;\">-Dimensiones: 15x13x2 cm.<\/span><\/p>\n<p><span style=\"font-weight: 400;\">-Color: Celeste.<\/span><\/p>\n<p><span style=\"font-weight: 400;\">-Garant\u00eda: 6 meses.<\/span><\/p>\n","protected":false},"featured_media":44043,"comment_status":"open","ping_status":"closed","template":"","meta":{"_joinchat":[]},"product_cat":[150],"product_tag":[],"class_list":{"0":"post-44042","1":"product","2":"type-product","3":"status-publish","4":"has-post-thumbnail","6":"product_cat-manilla","8":"first","9":"instock","10":"shipping-taxable","11":"purchasable","12":"product-type-simple"},"_links":{"self":[{"href":"https:\/\/aguahueyusca.cl\/index.php\/wp-json\/wp\/v2\/product\/44042","targetHints":{"allow":["GET"]}}],"collection":[{"href":"https:\/\/aguahueyusca.cl\/index.php\/wp-json\/wp\/v2\/product"}],"about":[{"href":"https:\/\/aguahueyusca.cl\/index.php\/wp-json\/wp\/v2\/types\/product"}],"replies":[{"embeddable":true,"href":"https:\/\/aguahueyusca.cl\/index.php\/wp-json\/wp\/v2\/comments?post=44042"}],"wp:featuredmedia":[{"embeddable":true,"href":"https:\/\/aguahueyusca.cl\/index.php\/wp-json\/wp\/v2\/media\/44043"}],"wp:attachment":[{"href":"https:\/\/aguahueyusca.cl\/index.php\/wp-json\/wp\/v2\/media?parent=44042"}],"wp:term":[{"taxonomy":"product_cat","embeddable":true,"href":"https:\/\/aguahueyusca.cl\/index.php\/wp-json\/wp\/v2\/product_cat?post=44042"},{"taxonomy":"product_tag","embeddable":true,"href":"https:\/\/aguahueyusca.cl\/index.php\/wp-json\/wp\/v2\/product_tag?post=44042"}],"curies":[{"name":"wp","href":"https:\/\/api.w.org\/{rel}","templated":true}]}}