{"id":39709,"date":"2022-05-30T03:35:12","date_gmt":"2022-05-30T03:35:12","guid":{"rendered":"https:\/\/aguahueyusca.cl\/?page_id=39709"},"modified":"2024-04-08T02:24:12","modified_gmt":"2024-04-08T02:24:12","slug":"nuestra-agua","status":"publish","type":"page","link":"https:\/\/aguahueyusca.cl\/index.php\/nuestra-agua\/","title":{"rendered":"Nuestra Agua"},"content":{"rendered":"\t\t<div data-elementor-type=\"wp-page\" data-elementor-id=\"39709\" class=\"elementor elementor-39709\" data-elementor-settings=\"[]\">\n\t\t\t\t\t\t\t<div class=\"elementor-section-wrap\">\n\t\t\t\t\t\t\t<section class=\"elementor-section elementor-top-section elementor-element elementor-element-c31e979 elementor-section-boxed elementor-section-height-default elementor-section-height-default\" data-id=\"c31e979\" data-element_type=\"section\">\n\t\t\t\t\t\t<div class=\"elementor-container elementor-column-gap-default\">\n\t\t\t\t\t<div class=\"elementor-column elementor-col-100 elementor-top-column elementor-element elementor-element-a015a45\" data-id=\"a015a45\" data-element_type=\"column\">\n\t\t\t<div class=\"elementor-widget-wrap elementor-element-populated\">\n\t\t\t\t\t\t\t\t<div class=\"elementor-element elementor-element-43c44e3 elementor-widget elementor-widget-heading\" data-id=\"43c44e3\" data-element_type=\"widget\" data-widget_type=\"heading.default\">\n\t\t\t\t<div class=\"elementor-widget-container\">\n\t\t\t<h3 class=\"elementor-heading-title elementor-size-large\"><b>PROCESO<\/b><\/h3>\t\t<\/div>\n\t\t\t\t<\/div>\n\t\t\t\t\t<\/div>\n\t\t<\/div>\n\t\t\t\t\t\t\t<\/div>\n\t\t<\/section>\n\t\t\t\t<section class=\"elementor-section elementor-top-section elementor-element elementor-element-2d1ac53 elementor-section-full_width elementor-section-height-default elementor-section-height-default\" data-id=\"2d1ac53\" data-element_type=\"section\">\n\t\t\t\t\t\t<div class=\"elementor-container elementor-column-gap-default\">\n\t\t\t\t\t<div class=\"elementor-column elementor-col-100 elementor-top-column elementor-element elementor-element-0f0244e\" data-id=\"0f0244e\" data-element_type=\"column\">\n\t\t\t<div class=\"elementor-widget-wrap elementor-element-populated\">\n\t\t\t\t\t\t\t\t<div class=\"elementor-element elementor-element-83c7920 elementor-widget elementor-widget-text-editor\" data-id=\"83c7920\" data-element_type=\"widget\" data-widget_type=\"text-editor.default\">\n\t\t\t\t<div class=\"elementor-widget-container\">\n\t\t\t\t\t\t\t\t\t\t\t\t\t<\/div>\n\t\t\t\t<\/div>\n\t\t\t\t<div class=\"elementor-element elementor-element-d673be7 elementor-widget elementor-widget-text-editor\" data-id=\"d673be7\" data-element_type=\"widget\" data-widget_type=\"text-editor.default\">\n\t\t\t\t<div class=\"elementor-widget-container\">\n\t\t\t\t\t\t\t<p>El proceso se inicia en la Cordillera de la Costa a unos 340 msnm, donde se capta el agua de lluvia ca\u00edda que es conducida hasta nuestra planta de filtraci\u00f3n, la que cuenta con tecnolog\u00eda para lograr la condici\u00f3n \u00f3ptima de pureza que la hace a\u00fan m\u00e1s saludable para el ser humano. Este proceso mantiene los minerales que aporta el suelo boscoso, beneficiosos para el organismo.<\/p>\t\t\t\t\t\t<\/div>\n\t\t\t\t<\/div>\n\t\t\t\t\t<\/div>\n\t\t<\/div>\n\t\t\t\t\t\t\t<\/div>\n\t\t<\/section>\n\t\t\t\t<section class=\"elementor-section elementor-top-section elementor-element elementor-element-295d29a elementor-section-boxed elementor-section-height-default elementor-section-height-default\" data-id=\"295d29a\" data-element_type=\"section\">\n\t\t\t\t\t\t<div class=\"elementor-container elementor-column-gap-default\">\n\t\t\t\t\t<div class=\"elementor-column elementor-col-33 elementor-top-column elementor-element elementor-element-af32f52\" data-id=\"af32f52\" data-element_type=\"column\">\n\t\t\t<div class=\"elementor-widget-wrap elementor-element-populated\">\n\t\t\t\t\t\t\t\t<div class=\"elementor-element elementor-element-f49787e elementor-widget elementor-widget-image\" data-id=\"f49787e\" data-element_type=\"widget\" data-widget_type=\"image.default\">\n\t\t\t\t<div class=\"elementor-widget-container\">\n\t\t\t\t\t\t\t\t\t\t\t\t\t\t\t<img decoding=\"async\" src=\"https:\/\/aguahueyusca.cl\/wp-content\/uploads\/elementor\/thumbs\/DSC_0681-scaled-qldeq8kuyfi61iqi5tmgp4opgvg5buw3l9rn2hxpfk.jpg\" title=\"DSC_0681\" alt=\"DSC_0681\" \/>\t\t\t\t\t\t\t\t\t\t\t\t\t\t\t<\/div>\n\t\t\t\t<\/div>\n\t\t\t\t\t<\/div>\n\t\t<\/div>\n\t\t\t\t<div class=\"elementor-column elementor-col-33 elementor-top-column elementor-element elementor-element-3208956\" data-id=\"3208956\" data-element_type=\"column\">\n\t\t\t<div class=\"elementor-widget-wrap elementor-element-populated\">\n\t\t\t\t\t\t\t\t<div class=\"elementor-element elementor-element-ee0a941 elementor-widget elementor-widget-image\" data-id=\"ee0a941\" data-element_type=\"widget\" data-widget_type=\"image.default\">\n\t\t\t\t<div class=\"elementor-widget-container\">\n\t\t\t\t\t\t\t\t\t\t\t\t\t\t\t<img decoding=\"async\" src=\"https:\/\/aguahueyusca.cl\/wp-content\/uploads\/elementor\/thumbs\/DSC_0663-scaled-qldem42cyluv34q891fer65vlzs5joiicuox8s1wqo.jpg\" title=\"DSC_0663\" alt=\"DSC_0663\" \/>\t\t\t\t\t\t\t\t\t\t\t\t\t\t\t<\/div>\n\t\t\t\t<\/div>\n\t\t\t\t\t<\/div>\n\t\t<\/div>\n\t\t\t\t<div class=\"elementor-column elementor-col-33 elementor-top-column elementor-element elementor-element-12c06d1\" data-id=\"12c06d1\" data-element_type=\"column\">\n\t\t\t<div class=\"elementor-widget-wrap elementor-element-populated\">\n\t\t\t\t\t\t\t\t<div class=\"elementor-element elementor-element-e0e81bf elementor-widget elementor-widget-image\" data-id=\"e0e81bf\" data-element_type=\"widget\" data-widget_type=\"image.default\">\n\t\t\t\t<div class=\"elementor-widget-container\">\n\t\t\t\t\t\t\t\t\t\t\t\t\t\t\t<img decoding=\"async\" src=\"https:\/\/aguahueyusca.cl\/wp-content\/uploads\/elementor\/thumbs\/20220611_181451-scaled-qldehp7mvltel14z0mrgjs8z7vj4etzvf0fv50lfy8.jpg\" title=\"20220611_181451\" alt=\"20220611_181451\" \/>\t\t\t\t\t\t\t\t\t\t\t\t\t\t\t<\/div>\n\t\t\t\t<\/div>\n\t\t\t\t\t<\/div>\n\t\t<\/div>\n\t\t\t\t\t\t\t<\/div>\n\t\t<\/section>\n\t\t\t\t<section class=\"elementor-section elementor-top-section elementor-element elementor-element-703275a elementor-section-boxed elementor-section-height-default elementor-section-height-default\" data-id=\"703275a\" data-element_type=\"section\">\n\t\t\t\t\t\t<div class=\"elementor-container elementor-column-gap-default\">\n\t\t\t\t\t<div class=\"elementor-column elementor-col-100 elementor-top-column elementor-element elementor-element-d2ea7a9\" data-id=\"d2ea7a9\" data-element_type=\"column\">\n\t\t\t<div class=\"elementor-widget-wrap elementor-element-populated\">\n\t\t\t\t\t\t\t\t<div class=\"elementor-element elementor-element-27c8a7c elementor-widget elementor-widget-text-editor\" data-id=\"27c8a7c\" data-element_type=\"widget\" data-widget_type=\"text-editor.default\">\n\t\t\t\t<div class=\"elementor-widget-container\">\n\t\t\t\t\t\t\t<ul><li><strong>CONTROLES AN\u00c1LISIS QU\u00cdMICOS Y MICROBIOL\u00d3GICOS<\/strong><\/li><\/ul><p>Contamos con an\u00e1lisis de la fuente de origen, cuyos resultados corroboran la calidad de nuestra agua, arrojando niveles mineral\u00f3gicos bajo norma RSA en nuestro pa\u00eds.<\/p><p>Realizamos controles microbiol\u00f3gicos peri\u00f3dicos con laboratorio certificado, con el fin de garantizar la calidad y pureza de nuestra agua. Adem\u00e1s, hacemos controles internos con instrumentos de precisi\u00f3n, midiendo: pH, conductividad y s\u00f3lidos totales disueltos.<\/p>\t\t\t\t\t\t<\/div>\n\t\t\t\t<\/div>\n\t\t\t\t\t<\/div>\n\t\t<\/div>\n\t\t\t\t\t\t\t<\/div>\n\t\t<\/section>\n\t\t\t\t<section class=\"elementor-section elementor-top-section elementor-element elementor-element-338dd03 elementor-section-boxed elementor-section-height-default elementor-section-height-default\" data-id=\"338dd03\" data-element_type=\"section\">\n\t\t\t\t\t\t<div class=\"elementor-container elementor-column-gap-default\">\n\t\t\t\t\t<div class=\"elementor-column elementor-col-33 elementor-top-column elementor-element elementor-element-abf8e26\" data-id=\"abf8e26\" data-element_type=\"column\">\n\t\t\t<div class=\"elementor-widget-wrap elementor-element-populated\">\n\t\t\t\t\t\t\t\t<div class=\"elementor-element elementor-element-7c99bb9 elementor-widget elementor-widget-image\" data-id=\"7c99bb9\" data-element_type=\"widget\" data-widget_type=\"image.default\">\n\t\t\t\t<div class=\"elementor-widget-container\">\n\t\t\t\t\t\t\t\t\t\t\t\t\t\t\t<img loading=\"lazy\" decoding=\"async\" width=\"2048\" height=\"1365\" src=\"https:\/\/aguahueyusca.cl\/wp-content\/uploads\/2024\/03\/DSC_0703-2048x1365.jpg\" class=\"attachment-2048x2048 size-2048x2048\" alt=\"\" srcset=\"https:\/\/aguahueyusca.cl\/wp-content\/uploads\/2024\/03\/DSC_0703-2048x1365.jpg 2048w, https:\/\/aguahueyusca.cl\/wp-content\/uploads\/2024\/03\/DSC_0703-300x200.jpg 300w, https:\/\/aguahueyusca.cl\/wp-content\/uploads\/2024\/03\/DSC_0703-1024x683.jpg 1024w, https:\/\/aguahueyusca.cl\/wp-content\/uploads\/2024\/03\/DSC_0703-768x512.jpg 768w, https:\/\/aguahueyusca.cl\/wp-content\/uploads\/2024\/03\/DSC_0703-1536x1024.jpg 1536w, https:\/\/aguahueyusca.cl\/wp-content\/uploads\/2024\/03\/DSC_0703-600x400.jpg 600w\" sizes=\"auto, (max-width: 2048px) 100vw, 2048px\" \/>\t\t\t\t\t\t\t\t\t\t\t\t\t\t\t<\/div>\n\t\t\t\t<\/div>\n\t\t\t\t\t<\/div>\n\t\t<\/div>\n\t\t\t\t<div class=\"elementor-column elementor-col-33 elementor-top-column elementor-element elementor-element-bdd7194\" data-id=\"bdd7194\" data-element_type=\"column\">\n\t\t\t<div class=\"elementor-widget-wrap elementor-element-populated\">\n\t\t\t\t\t\t\t\t<div class=\"elementor-element elementor-element-7d9e8bb elementor-widget elementor-widget-image\" data-id=\"7d9e8bb\" data-element_type=\"widget\" data-widget_type=\"image.default\">\n\t\t\t\t<div class=\"elementor-widget-container\">\n\t\t\t\t\t\t\t\t\t\t\t\t\t\t\t<img loading=\"lazy\" decoding=\"async\" width=\"640\" height=\"427\" src=\"https:\/\/aguahueyusca.cl\/wp-content\/uploads\/2024\/03\/DSC_0690-1024x683.jpg\" class=\"attachment-large size-large\" alt=\"\" srcset=\"https:\/\/aguahueyusca.cl\/wp-content\/uploads\/2024\/03\/DSC_0690-1024x683.jpg 1024w, https:\/\/aguahueyusca.cl\/wp-content\/uploads\/2024\/03\/DSC_0690-300x200.jpg 300w, https:\/\/aguahueyusca.cl\/wp-content\/uploads\/2024\/03\/DSC_0690-768x512.jpg 768w, https:\/\/aguahueyusca.cl\/wp-content\/uploads\/2024\/03\/DSC_0690-1536x1024.jpg 1536w, https:\/\/aguahueyusca.cl\/wp-content\/uploads\/2024\/03\/DSC_0690-2048x1365.jpg 2048w, https:\/\/aguahueyusca.cl\/wp-content\/uploads\/2024\/03\/DSC_0690-600x400.jpg 600w\" sizes=\"auto, (max-width: 640px) 100vw, 640px\" \/>\t\t\t\t\t\t\t\t\t\t\t\t\t\t\t<\/div>\n\t\t\t\t<\/div>\n\t\t\t\t\t<\/div>\n\t\t<\/div>\n\t\t\t\t<div class=\"elementor-column elementor-col-33 elementor-top-column elementor-element elementor-element-570f8e2\" data-id=\"570f8e2\" data-element_type=\"column\">\n\t\t\t<div class=\"elementor-widget-wrap elementor-element-populated\">\n\t\t\t\t\t\t\t\t<div class=\"elementor-element elementor-element-4ce699b elementor-widget elementor-widget-image\" data-id=\"4ce699b\" data-element_type=\"widget\" data-widget_type=\"image.default\">\n\t\t\t\t<div class=\"elementor-widget-container\">\n\t\t\t\t\t\t\t\t\t\t\t\t\t\t\t<img loading=\"lazy\" decoding=\"async\" width=\"640\" height=\"427\" src=\"https:\/\/aguahueyusca.cl\/wp-content\/uploads\/2024\/03\/DSC_0712-1024x683.jpg\" class=\"attachment-large size-large\" alt=\"\" srcset=\"https:\/\/aguahueyusca.cl\/wp-content\/uploads\/2024\/03\/DSC_0712-1024x683.jpg 1024w, https:\/\/aguahueyusca.cl\/wp-content\/uploads\/2024\/03\/DSC_0712-300x200.jpg 300w, https:\/\/aguahueyusca.cl\/wp-content\/uploads\/2024\/03\/DSC_0712-768x512.jpg 768w, https:\/\/aguahueyusca.cl\/wp-content\/uploads\/2024\/03\/DSC_0712-1536x1024.jpg 1536w, https:\/\/aguahueyusca.cl\/wp-content\/uploads\/2024\/03\/DSC_0712-2048x1365.jpg 2048w, https:\/\/aguahueyusca.cl\/wp-content\/uploads\/2024\/03\/DSC_0712-600x400.jpg 600w\" sizes=\"auto, (max-width: 640px) 100vw, 640px\" \/>\t\t\t\t\t\t\t\t\t\t\t\t\t\t\t<\/div>\n\t\t\t\t<\/div>\n\t\t\t\t\t<\/div>\n\t\t<\/div>\n\t\t\t\t\t\t\t<\/div>\n\t\t<\/section>\n\t\t\t\t<section class=\"elementor-section elementor-top-section elementor-element elementor-element-30adff3 elementor-section-content-bottom elementor-section-boxed elementor-section-height-default elementor-section-height-default\" data-id=\"30adff3\" data-element_type=\"section\">\n\t\t\t\t\t\t<div class=\"elementor-container elementor-column-gap-default\">\n\t\t\t\t\t<div class=\"elementor-column elementor-col-50 elementor-top-column elementor-element elementor-element-1e2a813\" data-id=\"1e2a813\" data-element_type=\"column\">\n\t\t\t<div class=\"elementor-widget-wrap elementor-element-populated\">\n\t\t\t\t\t\t\t\t<div class=\"elementor-element elementor-element-3b614ac elementor-widget elementor-widget-text-editor\" data-id=\"3b614ac\" data-element_type=\"widget\" data-widget_type=\"text-editor.default\">\n\t\t\t\t<div class=\"elementor-widget-container\">\n\t\t\t\t\t\t\t<p style=\"text-align: left;\">\n<\/p><p style=\"text-align: left;\">De alta pureza, fresca y cristalina. En su sabor destaca una nota dulce en boca, debido a su muy baja concentraci\u00f3n de Sodio desde el origen.<\/p>\n<p>En nuestro etiquetado encontrar\u00e1 una detallada tabla nutricional, con la informaci\u00f3n de las concentraciones de minerales.<\/p>\n<p>Cabe destacar que contamos con Resoluci\u00f3n Sanitaria N\u00b0 2210202917 del 26\/07\/2022 S.S de Osorno y Patente Municipal.<\/p>\n<p><\/p>\t\t\t\t\t\t<\/div>\n\t\t\t\t<\/div>\n\t\t\t\t<div class=\"elementor-element elementor-element-b161fbb elementor-widget elementor-widget-text-editor\" data-id=\"b161fbb\" data-element_type=\"widget\" data-widget_type=\"text-editor.default\">\n\t\t\t\t<div class=\"elementor-widget-container\">\n\t\t\t\t\t\t\t<p>\u00a0<\/p><p>Aprovechando las caracter\u00edsticas topogr\u00e1ficas del terreno, hemos dispuesto estrat\u00e9gicamente los equipos con la finalidad de optimizar el gasto energ\u00e9tico, utilizando la presi\u00f3n gravitacional del agua. Esto nos permite prescindir del uso de equipos de bombeo en todo el proceso y con esto reducir el impacto ambiental.<\/p><p>Nuestra l\u00ednea de envasado de botellones permite realizar el proceso con una m\u00ednima intervenci\u00f3n.<\/p>\t\t\t\t\t\t<\/div>\n\t\t\t\t<\/div>\n\t\t\t\t\t<\/div>\n\t\t<\/div>\n\t\t\t\t<div class=\"elementor-column elementor-col-50 elementor-top-column elementor-element elementor-element-7d528ea\" data-id=\"7d528ea\" data-element_type=\"column\">\n\t\t\t<div class=\"elementor-widget-wrap elementor-element-populated\">\n\t\t\t\t\t\t\t\t<div class=\"elementor-element elementor-element-7bae145 elementor-aspect-ratio-916 e-transform elementor-widget__width-initial elementor-widget elementor-widget-video\" data-id=\"7bae145\" data-element_type=\"widget\" data-settings=\"{&quot;video_type&quot;:&quot;hosted&quot;,&quot;aspect_ratio&quot;:&quot;916&quot;,&quot;controls&quot;:&quot;yes&quot;,&quot;_transform_scale_effect&quot;:{&quot;unit&quot;:&quot;px&quot;,&quot;size&quot;:&quot;&quot;,&quot;sizes&quot;:[]},&quot;_transform_scale_effect_tablet&quot;:{&quot;unit&quot;:&quot;px&quot;,&quot;size&quot;:&quot;&quot;,&quot;sizes&quot;:[]},&quot;_transform_scale_effect_mobile&quot;:{&quot;unit&quot;:&quot;px&quot;,&quot;size&quot;:&quot;&quot;,&quot;sizes&quot;:[]}}\" data-widget_type=\"video.default\">\n\t\t\t\t<div class=\"elementor-widget-container\">\n\t\t\t\t\t<div class=\"e-hosted-video elementor-wrapper elementor-fit-aspect-ratio elementor-open-inline\">\n\t\t\t\t\t<video class=\"elementor-video\" src=\"https:\/\/aguahueyusca.cl\/wp-content\/uploads\/2024\/03\/VID_108950726_060424_228.mp4\" controls=\"\" controlsList=\"nodownload\"><\/video>\n\t\t\t\t<\/div>\n\t\t\t\t<\/div>\n\t\t\t\t<\/div>\n\t\t\t\t\t<\/div>\n\t\t<\/div>\n\t\t\t\t\t\t\t<\/div>\n\t\t<\/section>\n\t\t\t\t\t\t<\/div>\n\t\t\t\t\t<\/div>\n\t\t","protected":false},"excerpt":{"rendered":"<p>PROCESO El proceso se inicia en la Cordillera de la Costa a unos 340 msnm, donde se capta el agua de lluvia ca\u00edda que es conducida hasta nuestra planta de filtraci\u00f3n, la que cuenta con tecnolog\u00eda para lograr la condici\u00f3n \u00f3ptima de pureza que la hace a\u00fan m\u00e1s saludable para el ser humano. Este proceso [&hellip;]<\/p>\n","protected":false},"author":1,"featured_media":0,"parent":0,"menu_order":0,"comment_status":"closed","ping_status":"closed","template":"","meta":{"_joinchat":[],"footnotes":""},"class_list":["post-39709","page","type-page","status-publish","hentry"],"_links":{"self":[{"href":"https:\/\/aguahueyusca.cl\/index.php\/wp-json\/wp\/v2\/pages\/39709","targetHints":{"allow":["GET"]}}],"collection":[{"href":"https:\/\/aguahueyusca.cl\/index.php\/wp-json\/wp\/v2\/pages"}],"about":[{"href":"https:\/\/aguahueyusca.cl\/index.php\/wp-json\/wp\/v2\/types\/page"}],"author":[{"embeddable":true,"href":"https:\/\/aguahueyusca.cl\/index.php\/wp-json\/wp\/v2\/users\/1"}],"replies":[{"embeddable":true,"href":"https:\/\/aguahueyusca.cl\/index.php\/wp-json\/wp\/v2\/comments?post=39709"}],"version-history":[{"count":187,"href":"https:\/\/aguahueyusca.cl\/index.php\/wp-json\/wp\/v2\/pages\/39709\/revisions"}],"predecessor-version":[{"id":45148,"href":"https:\/\/aguahueyusca.cl\/index.php\/wp-json\/wp\/v2\/pages\/39709\/revisions\/45148"}],"wp:attachment":[{"href":"https:\/\/aguahueyusca.cl\/index.php\/wp-json\/wp\/v2\/media?parent=39709"}],"curies":[{"name":"wp","href":"https:\/\/api.w.org\/{rel}","templated":true}]}}